 2*r + 5*y - 25 - i. Calculate the remainder when 89 is divided by r.
20
What is the remainder when (243/3)/((-2)/(-2)) is divided by 21?
18
Suppose -18 + 98 = -5*j. Let d be -4*(-4)/(j/(-15)). What is the remainder when 28 is divided by (-4)/(1/(d/(-6)))?
8
Suppose 2*m + 4*w - 536 = 0, 4*m - 186 = -w + 858. Calculate the remainder when m is divided by 29.
28
Let x = 43 + -33. Calculate the remainder when 16 is divided by x.
6
Suppose -5*b = -21 - 99. Suppose 4*m + 20 = 0, -5*m - 7 = -3*h + b. Suppose 0 = -2*w - h, -5*p - 4 = -5*w - 24. What is the remainder when 4 is divided by p?
1
Suppose 2*d = -0*d + 34. Let q(i) be the first derivative of 3*i**2/2 - 3*i - 1. What is the remainder when d is divided by q(4)?
8
Suppose -q - 2*y = -15, 10*y - 13*y = 2*q - 34. Calculate the remainder when 87 is divided by q.
18
Let d = -171 - -185. Calculate the remainder when 95 is divided by d.
11
Suppose 2*b = 6*b - 480. Suppose -60 = -4*o + b. Suppose o - 193 = -4*d. Calculate the remainder when d is divided by 13.
11
Suppose 2*q + 2*q - 144 = 0. Suppose -16 = -2*g + 2*o, -2*g + 3*o = -5*g + q. Let c = 17 - -1. Calculate the remainder when c is divided by g.
8
Let d(z) = z**2 + z + 15. Let t = 2 - 3. Let s be 0 + 0/(t - -2). What is the remainder when 29 is divided by d(s)?
14
Suppose -5*a + 3 = u + 12, 0 = -2*u - a. Let h be ((-7)/u + 3)/1. Let l(c) = -c**2 - 10*c - 1. Calculate the remainder when l(h) is divided by 8.
7
Suppose 2*m + 4*h - 16 = 0, -3*m = 5*h - 13 - 6. Let t be -20*(0/m - -2). What is the remainder when -6*(1 - t/(-6)) is divided by 12?
10
Let o = 8 + 3. Let v = -33 + 37. What is the remainder when o is divided by v?
3
Let k(u) = -u**2 - 9*u + 6. Let n be k(-8). What is the remainder when 4 is divided by (-2)/(-3) + n/6?
1
Let q(w) = -w - 5. Let i(f) = -3*f**2 + 3*f + 3. Let l be i(-2). Let x(z) = z**3 - 4*z**2 + 6*z - 6. Calculate the remainder when x(4) is divided by q(l).
8
Let j = 45 - 18. Calculate the remainder when 52 is divided by j.
25
Suppose -5*h + 58 = -117. Calculate the remainder when h is divided by 12.
11
What is the remainder when (-735)/(-25) + (-3)/(-5) is divided by 8?
6
Suppose 0*u - 91 = -u. What is the remainder when u is divided by 31?
29
Suppose -5*h = -8 + 33. What is the remainder when (-217)/(-5) + 4/(-10) is divided by h/(0 - 1/3)?
13
Suppose -7*u + 8*u = 58. What is the remainder when u is divided by 15?
13
Let y = 44 + -21. Suppose -4*s = -3*w + 27, -4*w = -0*w + s - 36. Let p = w - -3. Calculate the remainder when y is divided by p.
11
Let n = 97 + -68. Calculate the remainder when n is divided by 18.
11
Suppose 0 = -3*h + 4 + 5. Let q = -3 + 1. What is the remainder when 2 is divided by 1 + h + 0 + q?
0
Suppose -31 = -3*t - 5*d + 24, 0 = t - d - 13. What is the remainder when t is divided by 8?
7
Suppose 0 = -0*w + 5*w - 515. Let n = w + -63. What is the remainder when n is divided by 21?
19
Let h = 48 + -24. Suppose 0 = -0*r - 3*r + h. What is the remainder when 13 is divided by r?
5
Let z(y) = -16*y - 2. Let v(r) = -r**2 + 16. Calculate the remainder when z(-3) is divided by v(0).
14
Suppose 115 = 5*p + 30. Let y = -6 + p. Calculate the remainder when (-63)/6*(-3 - -1) is divided by y.
10
Let n = 60 + -42. Suppose 0 = t - u + 2*u - 49, 0 = 4*u + 12. What is the remainder when t is divided by n?
16
Suppose 3*m + 15 = 0, x + 3*x - m = 13. Suppose 0 = -c - v + 7, 0*c + v + 5 = x*c. Suppose 0 = c*n - 3 - 37. Calculate the remainder when 27 is divided by n.
7
Let a = -6 + 15. What is the remainder when a is divided by 2?
1
Let k(z) = 6*z - 4. Let r = -8 + 35. What is the remainder when r is divided by k(3)?
13
Suppose 0 = -c + 4*c - 12. What is the remainder when 1/(((-4)/(-9))/c) is divided by 5?
4
Suppose -v + 20 = 2*p + p, 0 = -v + p + 16. Let l = -45 - -54. What is the remainder when v is divided by l?
8
Suppose 5*f = 5*y, 0*f = -4*y - 5*f - 9. Let c = y + 7. What is the remainder when 21 is divided by c?
3
Let w(p) = -p**3 + 16*p**2 + 10*p - 3. What is the remainder when w(16) is divided by 27?
22
Let b(i) = i. Let j(n) = n + 4. Let s be j(-4). Let u = 1 + s. What is the remainder when b(1) is divided by u?
0
Let l be 2/4*2/1. Let h be 4/14 + (-10)/(-14). What is the remainder when -37*l*(h - 2) is divided by 13?
11
Let b be 133/3 + (-2)/6. Suppose -4*p = o - 61, p = 4*p - o - b. What is the remainder when 27 is divided by p?
12
Suppose 0 = -4*y + 4, 0 = 3*x - 2*x - 3*y - 30. Calculate the remainder when x is divided by 18.
15
Let u = 72 - 46. What is the remainder when u is divided by 9?
8
Suppose -3*p + p = -5*j + 2, -j = p - 6. Calculate the remainder when 8 is divided by p.
0
Let r be (-1 - 1) + -5 + 1. Let k(a) = -4*a + 3. Calculate the remainder when k(r) is divided by 14.
13
Suppose 0 = -5*a - 4*m, -3*m = -5*a + m + 40. What is the remainder when 4 is divided by a?
0
Let o(p) = p**3 - 3*p**2 - 4*p + 2. Let t be o(4). Suppose l = -2*z + 29, 4*z - t*z = 0. Let m = -15 - -23. Calculate the remainder when l is divided by m.
5
Let s(z) = -z**3 + 7*z**2 - 3*z - 5. Calculate the remainder when 32 is divided by s(6).
6
What is the remainder when 32 is divided by (-74)/(-6) + (-2)/6?
8
Calculate the remainder when 29 is divided by ((-9)/4)/(3/(-4)) - -2.
4
Let y(n) = 3 - 7 + 0*n - 2 - 3*n. What is the remainder when y(-5) is divided by 4?
1
Suppose 4*s - 2 = 3*s. Calculate the remainder when 33 is divided by -2 - 19/s*-2.
16
Calculate the remainder when (-1)/5 - 86/(-5) is divided by 4.
1
Suppose -5*x - 4*d + 30 = 0, -5*x + 2*d - 15 = -3*d. Let l be (-3)/2 + x/(-4). What is the remainder when (9/l)/((-1)/2) is divided by 6?
3
Let y(m) = -m**2 + 10*m + 2. Let w be y(12). Let j = -13 - w. Calculate the remainder when 35 is divided by j.
8
Let h = -16 + 20. What is the remainder when h is divided by 2?
0
Let x be 1 + 7 + 9/(-3). Suppose -2*b = x*z + 3, 2*b - 2*z = -2*b + 30. What is the remainder when 27 is divided by b?
3
Calculate the remainder when ((-6)/(-5))/(2/5) is divided by (104/(-52))/(4/(-6)).
0
What is the remainder when 32 is divided by 36/4 - (1 + -1)?
5
Let u = -141 - -257. What is the remainder when u is divided by 17?
14
Calculate the remainder when 78 + (-2 - 4 - -3) is divided by 26.
23
Let p(y) = 4*y**2 + 9*y + 17. What is the remainder when 98 is divided by p(-3)?
20
Let b = 234 + -156. Suppose -c - 14 = -a, a + 4*a + 3*c = b. Calculate the remainder when 28 is divided by a.
13
Calculate the remainder when 2*(57/2 - -3) is divided by 33.
30
Let j(z) = -5*z**3 - 2*z**2 - 2*z - 4. Calculate the remainder when 62 is divided by j(-2).
30
Let m(x) = -10*x + 7. What is the remainder when m(-2) is divided by 10?
7
Let q = 18 + -6. What is the remainder when 34 is divided by q?
10
What is the remainder when ((-77)/22)/((-2)/12) is divided by 6?
3
Let i be (8/10)/((-4)/(-20)). What is the remainder when 19 is divided by i/(-1 + -1) - -12?
9
Let z(j) = -j**2 - 20*j - 32. Calculate the remainder when 7 is divided by z(-18).
3
Suppose 0*b - 97 = -4*l + 3*b, -2*l = 2*b - 52. Calculate the remainder when l is divided by 9.
7
Let i(l) = 9*l**2 - 2*l - 1. Calculate the remainder when (-2)/(((-4)/58)/1) is divided by i(-1).
9
Let g(d) = -d + 4. Let l be g(6). Let u be ((-48)/(-10))/(l/(-40)). What is the remainder when u/((-3)/(-1)) - 1 is divided by 11?
9
Suppose 3*g - 9 = -0*g. Calculate the remainder when 15 is divided by ((-12)/(-8))/(g/16).
7
Let f = 56 - 44. What is the remainder when f is divided by 4?
0
Suppose 1154 + 359 = 17*m. Calculate the remainder when m is divided by 47.
42
Suppose -5*g + c + 20 = 0, -4*g + 5*c - 20 = -3*g. Suppose 4*v = g*k + 72 + 6, -3*v - 3*k = -72. Calculate the remainder when v is divided by 8.
6
Suppose 4*s - 14 = 6. Suppose -2*m + 1 = w + 3*m, s*w - 3*m - 33 = 0. What is the remainder when 17 is divided by w?
5
Let y(a) = -2*a**2 + 3*a - 6. Let u be y(5). Let k = 81 + u. Let l = k - 22. Calculate the remainder when 53 is divided by l.
17
Let y(t) = -8*t**3 + t**2 - 9*t - 13. Calculate the remainder when y(-2) is divided by 25.
23
Let u(g) = 6*g**2 - g - 1. Let p be u(2). Let i(v) = v**3 + v**2 + 8. What is the remainder when ((-2)/3)/((-1)/p) is divided by i(0)?
6
Suppose -2*h + q + 0 - 2 = 0, -11 = 5*h - 4*q. Let p = 19 + -13. Let d = p - h. What is the remaind